52. What is the greatest common divisor of x and u?
7
Let v = -526 - -589. Calculate the greatest common factor of 7 and v.
7
Let f = -49 + 73. Suppose 76 = 4*y - 4*c, 62 = 4*y - 2*c - f. Calculate the greatest common factor of y and 12.
12
Let w be 22/(-77) + 214/14. Suppose 16*k + w = 17*k. Suppose k*y = 17*y - 180. Calculate the highest common factor of y and 60.
30
Suppose 4*s + x - 918 - 452 = 0, 4*x - 350 = -s. Calculate the greatest common divisor of 76 and s.
38
Let w be 2/(-4)*(7 + -15). Let g be w/(-30) - 11554/(-30). Let z be (34 - (-8 - -4)) + -3. Calculate the greatest common divisor of z and g.
35
Let k(r) = r**3 + r**2 - 3. Let n be k(-2). Let d be -5 - n - (2 - 63). Calculate the highest common divisor of d and 9.
9
Let h(n) = -3 + 14 - 5 + 48*n. Let p be h(4). Calculate the highest common factor of p and 18.
18
Suppose 0 = -i - 5*m + 807, 0 = -5*i + 2*i - 5*m + 2371. Calculate the highest common divisor of 46 and i.
46
Suppose -5*l + 3*n + 354 = 0, 6*l = l + n + 358. What is the highest common factor of 3096 and l?
72
Let z(s) = -3*s - 23. Let l be z(-9). Suppose 4*y - 2*m + 16 - 252 = 0, -l*y = -3*m - 234. What is the highest common factor of y and 12?
12
Let f = 32 + -75. Let c = 49 + f. What is the highest common divisor of 24 and c?
6
Let w(j) = j**2 - 7*j + 8. Let h be w(6). Calculate the greatest common divisor of h and 86.
2
Let j(p) = 5*p - 7*p - 7 + 0. Let m = 5 - 13. Let n be j(m). What is the highest common factor of 9 and n?
9
Suppose -2*m - 4*r = 6, 0 = 3*m - m - 5*r - 12. Let q be m + -5 - 30*-4. What is the highest common factor of 29 and q?
29
Let o = -12 + 18. Suppose o*q - q = 80. What is the highest common divisor of 8 and q?
8
Let i be ((-312)/(-260))/(1/((-190)/(-3))). What is the greatest common divisor of i and 171?
19
Let l(h) = h**3 + 6*h**2 + 8*h + 2. Let i be l(-3). Suppose -c = -y, i*y - 3*y = 8. What is the greatest common factor of c and 2?
2
Suppose 0*p = -2*p - 28. Let i be p/(-3)*3*1. Suppose -5*w + 22 = 4*b, 0 = -6*w + 3*w + 2*b. What is the highest common divisor of w and i?
2
Suppose -3*a = -2*a - 24. Let x(o) = -3*o + 4. Let n be x(4). Let q = n + a. Calculate the highest common divisor of q and 160.
16
Suppose 878 = 85*a - 10342. Let n be (-1)/(-3) - 105/(-9). What is the greatest common divisor of a and n?
12
Let z(l) = -2*l - 20. Let s be z(-22). What is the highest common divisor of s and 552?
24
Let t(o) be the third derivative of o**4/24 - o**3/6 - 2*o**2. Let l be t(2). Suppose l = g - 1. Calculate the greatest common factor of 1 and g.
1
Suppose -4*x + 96 = q, -2*q - 72 + 273 = 5*x. Calculate the highest common factor of 351 and q.
27
Let x be 7/((-7)/3) + 273. Calculate the highest common factor of 80 and x.
10
Let w be (-2)/4*(-1 - -3). Let f(g) = -11*g + 1. Let h be f(w). Let q(a) = -5*a + 13. Let n be q(-7). Calculate the highest common divisor of n and h.
12
Suppose -121 = -3*s - h, 33*h = -2*s + 38*h + 109. Calculate the highest common factor of 21 and s.
21
Let z(y) = -153*y**3 + 3*y**2 + 2*y. Let k be z(-1). Calculate the greatest common factor of k and 22.
22
Suppose 5*u = 4*q - 107, -5 = -4*u - 1. Let z be (-27 - -81)/((-3)/(-84)*6). What is the highest common factor of q and z?
28
Let d = -1 - -37. Suppose -3*q + 155 = 5*a, -3*q - q + 176 = -a. What is the greatest common divisor of d and q?
9
Let a(q) = -q**3 + 10*q**2 + 17*q - 58. Let w be a(11). What is the highest common factor of 40 and w?
8
Let m(v) = 7*v**2 - 141*v - 39. Let l be m(24). What is the greatest common divisor of 261 and l?
87
Suppose 12*s - 8*s = 24. Let k(a) = -a**3 + 12*a**2 - 5*a - 4. Let v be k(s). What is the greatest common divisor of 26 and v?
26
Let z(g) = -g**2 + 12*g + 43. Let u be z(13). Suppose -u = -3*s - a, 4*s - 5*a = 26 + 33. What is the greatest common factor of 66 and s?
11
Let x(u) = -10*u**3 - 3*u**2 + 1. Let k be x(-2). Let c = k + -61. What is the highest common divisor of c and 28?
4
Suppose 0 = -w - 5*u, 3*w + 3 = -u + 17. Suppose -16 = -6*r + 14. What is the greatest common divisor of r and w?
5
Let u = -22 + 13. Let v = u - -14. Suppose -2*o + 86 = 5*a + 17, v*o + a - 138 = 0. What is the greatest common divisor of o and 297?
27
Let x = -54 - -494. Calculate the highest common factor of 88 and x.
88
Let o = 106 + -102. Suppose o*u - 232 = -4*i, 3 = -5*u + 13. Suppose 0 = -v + 5, t - 162 = -5*v + 3. Calculate the greatest common factor of t and i.
28
Let k(b) = 4*b. Let f be k(6). Suppose -2*h + 0 = -36. Suppose -h + 2 = -2*p. What is the highest common factor of p and f?
8
Suppose 15 - 21 = -3*z. Let b be -18 + 20 - 0/z. What is the highest common factor of 2 and b?
2
Let d be 0 - (-446 - 10)/8. Calculate the highest common divisor of 969 and d.
57
Let k(q) be the second derivative of -5*q**3 - 20*q**2 + 8*q - 2. Let w be k(-6). Calculate the highest common factor of w and 20.
20
Let o = 2 + 4. Let l = -3028 - -3208. Calculate the highest common divisor of o and l.
6
Suppose 6*x = 114 + 414. What is the highest common factor of x and 8?
8
Suppose 0 = d - 0*d - 108. Let v = -48 + d. Suppose 134 = 5*k + 74. Calculate the highest common factor of v and k.
12
Suppose 0 = 19*u - 2445 - 2248. Calculate the highest common factor of 13 and u.
13
Let w(p) = -22*p + 100. Let z be w(4). Calculate the greatest common divisor of z and 42.
6
Let z(q) = -q + 2. Let v be z(-2). Let l = 25 - -7. What is the highest common factor of v and l?
4
Let n = -243 - -262. What is the greatest common factor of 133 and n?
19
Let j(o) = -2*o**3 - 5*o**2 - 3*o + 3. Let u be j(-2). Let f be 57/u - (44/10 + -5). Calculate the highest common divisor of 192 and f.
12
Let x = 12 + -9. Let v be -2 + x + 0/(-3). Suppose -s = -v - 2. What is the highest common factor of s and 24?
3
Let r(h) = -h**3 + 7*h**2 + h - 46. Let q be r(5). What is the highest common divisor of q and 45?
9
Let z = 390 + 442. Calculate the highest common factor of 52 and z.
52
Let k = -40 + 42. Let f = -16 - -30. What is the greatest common factor of f and k?
2
Let p = 808 - 558. Suppose -2*f - 4*z + 20 = 0, -2*z - 19 = -4*f - 3*z. Suppose -f*s - s = -p. Calculate the highest common divisor of 20 and s.
10
Suppose 4*x - 424 = 940. Let z = -3068 - -3099. What is the highest common divisor of x and z?
31
Suppose -5*u + o + 366 = -o, -4*o - 156 = -2*u. Suppose j - 331 = -u. Calculate the highest common factor of 37 and j.
37
Let f(t) = t**2 + 4*t - 4. Let u be f(-6). Let l = -50 + 56. Let c be 2 - (-2 + l - 4). What is the highest common divisor of c and u?
2
Let i be 3 + 0 + (-36)/(-18). Calculate the greatest common factor of i and 145.
5
Let v(h) = h**2 + 15 + 0*h - 8 - 6*h + 4*h**2. Let c be v(2). Suppose -5*d + 315 = 3*u, -3*d - 72 = -2*u + 138. What is the highest common factor of u and c?
15
Let c = 1165 - 693. Calculate the highest common factor of 16 and c.
8
Let l(s) = -3*s**2 - 17*s - 10. Let f be l(-17). Let g be f/(-33) - (9/11 + -1). Calculate the highest common divisor of g and 24.
6
Suppose 2*b + 20 = 26. Suppose -50 = b*c - 4*c. Calculate the highest common divisor of c and 10.
10
Let i be 2 - (0 - -2 - 4). Let z be 23/3 - i/6. Let y = -11 - -32. Calculate the highest common factor of y and z.
7
Let w(p) = -p**2 - p - 6. Let z be w(0). Let c = z + 4. Let s be 3*(c + 20 - 4). Calculate the highest common factor of 21 and s.
21
Let a(s) = 16*s**2 + 6*s. Let h be a(-3). Suppose -44*q = -43*q - h. What is the greatest common factor of 14 and q?
14
Let j = 1371 - 1215. What is the highest common factor of 117 and j?
39
Let z = -457 - -461. Calculate the greatest common divisor of 100 and z.
4
Let o be 2 + (5 - 2 - 5) + 4. Calculate the greatest common divisor of o and 9.
1
Suppose 2*h - 73 = -f + 57, -5*f = 2*h - 146. Suppose -c + 36 + h = 0. What is the highest common divisor of c and 11?
11
Let r(l) be the second derivative of l**5/20 - 5*l**4/6 + 7*l**3/2 + 7*l**2 + 36*l. Let g be r(7). Calculate the greatest common divisor of 154 and g.
14
Let g(r) be the second derivative of 0 - 3/2*r**3 - 1/2*r**2 + 2*r. Let a be g(-1). Calculate the greatest common divisor of 16 and a.
8
Suppose 6 = 2*g - 0. Let j = 2137 + -2113. What is the greatest common divisor of g and j?
3
Suppose -4*s = 4*i - 313 - 175, 2*i - 245 = -s. Calculate 